3 - 31 = 0. Is w a multiple of 12?
False
Let m(d) = 81*d. Let j be m(1). Suppose 0 = 4*y + 4*b - 164, -b - 2*b = 2*y - j. Suppose -5*p = -3*p - y. Is 11 a factor of p?
False
Let h(r) = 7*r - 2. Let y(v) = 6*v + 2. Let x(q) = 1. Let b(i) = 5*x(i) - y(i). Let f(a) = 2*b(a) + 3*h(a). Does 9 divide f(3)?
True
Let h = 2 - 19. Suppose 2 = -4*n + 10. Let v = n - h. Is 14 a factor of v?
False
Suppose -4*c - 4*q + 20 = 0, q + 7 = 5*c - 0*q. Suppose -5*o + 5*f + 81 = -34, -o + c*f = -26. Does 12 divide o?
False
Let v(o) = -o**3 + 4*o**2 + 4*o - 4. Suppose 4*c - 5*g - 2 - 4 = 0, -2*g + 4 = 0. Is v(c) a multiple of 8?
False
Let s(i) = 5*i**3 - 10*i**2 + 7. Let a(x) = -x**3 - x. Let k(p) = 4*a(p) + s(p). Does 24 divide k(11)?
False
Let f be (-1)/(-3) + (-92)/6. Suppose -4*d = -i - 171, -d - i + 0*i = -44. Let x = f + d. Is 14 a factor of x?
True
Let s(i) = -4*i**2 + 0 + 1 - 2*i**3 + 6*i + 5 + i**3. Let t be s(-6). Let d = -25 + t. Is 7 a factor of d?
False
Suppose t + 2*p = 152 + 5, -4*p = -3*t + 451. Is 17 a factor of t?
True
Let c(j) = j**3 - 4*j**2 - 9*j + 6. Does 9 divide c(7)?
True
Let z(x) = x - x**2 - 2*x**3 - 3*x + 4*x**3 - x**3. Is 12 a factor of z(3)?
True
Suppose -5*q + 15 = -0*q. Suppose -q*p = -2*p - 10. Does 10 divide p?
True
Suppose 50 = -l + 182. Is 12 a factor of l?
True
Suppose 72 = 5*r - 8. Is r a multiple of 4?
True
Let h(p) = -23*p**3 - p**2 + p - 1. Let l be h(1). Let i = l - -55. Is 20 a factor of i?
False
Let l(p) = 10*p**2 - p + 1. Does 10 divide l(1)?
True
Let k(d) = 2*d**2 + 7*d - 4. Let g be k(5). Suppose 0*f + g = 3*f. Let z = f - 11. Is 16 a factor of z?
True
Let a(m) = 2*m + 6. Let d(b) = b. Let y(c) = -a(c) - 2*d(c). Let f be y(-4). Let x = f - -31. Is 16 a factor of x?
False
Suppose h = 3*y - 338, y - h + 16 = 126. Is y a multiple of 19?
True
Let b(g) = -2*g**3 - 3*g**2 + g + 2. Let i be b(-2). Suppose r - 3*r = i, q + 5*r = 94. Suppose 4*w - q = -24. Is w a multiple of 7?
False
Suppose -2*z + 2*v + 43 + 27 = 0, z = 5*v + 19. Is z a multiple of 10?
False
Let h = 14 - 10. Suppose 4*d - 3*y = 63, -h*d = -3*d - y - 16. Let g = d + -10. Is g a multiple of 3?
False
Let y(j) = 2*j**2 + 11*j - 1. Does 26 divide y(5)?
True
Let o(x) = -x**2 - 2*x + 27. Let w(p) = 4*p**2 + 9*p - 108. Let r(h) = 9*o(h) + 2*w(h). Is 9 a factor of r(0)?
True
Suppose 0 = -2*f + 5*r - 20 - 2, 3*f = 3*r - 24. Let l be 2/f + (-1016)/(-6). Suppose 61 - l = -4*y. Is y a multiple of 7?
False
Let k(v) = 7*v - 4. Let u be k(7). Suppose -4*a - 12 = -3*a. Is (a/(-15))/(1/u) a multiple of 18?
True
Suppose -16 = 2*n - 104. Let l = n - 22. Is l a multiple of 11?
True
Suppose 1 + 3 = -2*k. Is (0 + -2)*5/k even?
False
Suppose -4*a = -7 - 9. Suppose 2*f - 64 = -3*s, -31 = -a*f + 3*s + 97. Suppose 2 = -2*k + f. Is k a multiple of 4?
False
Let z(l) = l**2 + 14*l + 13. Let x be z(-13). Suppose x = o - 0 - 13. Is o a multiple of 12?
False
Suppose 2*r + 3 = -r, -w = -r - 56. Does 23 divide w?
False
Let o(d) = -d**3 + 8*d**2 - 7*d + 3. Let z be o(7). Let n(y) = 2*y**3 + y. Does 19 divide n(z)?
True
Let r be 3/(-9)*(-21)/1. Let l(m) = -m. Let b(t) = -5*t + 5. Let s(f) = -b(f) + 2*l(f). Is 16 a factor of s(r)?
True
Suppose 8 = y + 4, -a = 2*y - 13. Suppose -2*t = 2*p - 4*p - 2, a*t + 4*p - 14 = 0. Is ((-4)/3)/(t/(-6)) a multiple of 4?
True
Let d(i) = -i**3 + 6*i**2 - i. Is 20 a factor of d(5)?
True
Let s(m) be the second derivative of -m**4/12 - 3*m**3/2 + 5*m**2 + m. Let b be s(-7). Suppose -u = -0*u - b. Does 23 divide u?
False
Let n(u) = 7*u**2 + 4*u - 3. Is n(1) a multiple of 5?
False
Let b(c) = -c**3 - 2*c. Suppose -5 - 7 = 4*r. Is b(r) a multiple of 14?
False
Suppose 2 + 4 = i. Let q(z) = 5*z**2 - z + 5. Let y(h) = -6*h**2 + 2*h - 6. Let a(x) = 5*q(x) + 4*y(x). Does 21 divide a(i)?
False
Suppose -2 = -5*s - 162. Let i = s + 102. Suppose 0 = 5*l - 6*q + q - i, 4*l = 3*q + 54. Is l a multiple of 8?
False
Is ((-112)/10)/(1/(-5)) a multiple of 28?
True
Suppose 15 - 45 = -3*x. Suppose 0 = t + 2*v - 1, -2*t + 5*v = v + 14. Is t - (x + -1)*-1 a multiple of 3?
True
Let g(t) = -3*t - 12. Let j be g(-9). Suppose -k + j = 3*o, 4*k + 55 - 157 = 2*o. Is 16 a factor of k?
False
Let r(x) = -x**2 - 8*x + 4. Let h(z) = -z**2 + 3. Let j = -5 + 2. Let l be h(j). Is 7 a factor of r(l)?
False
Let y be 4 + -1 + (3 - 2). Let z(j) = -8*j - 8. Let l be z(-8). Suppose 0*g - l = -y*g. Is 13 a factor of g?
False
Suppose 2*y = -y. Suppose 0 = t + n - 34, y = -4*t + n + 118 + 38. Is 19 a factor of t?
True
Does 15 divide ((-69)/6)/((-4)/16)?
False
Suppose 0 = -4*i - 4*m + 320, i + 5*m = 6*i - 360. Suppose 0 = -2*a - 4*z + i, -16 = -a - 3*z + 22. Is 19 a factor of a?
True
Suppose 0 = -k + 5 + 9. Let d = -65 + k. Is (d/3)/(-1) - 2 a multiple of 5?
True
Let f = -17 + 93. Is f a multiple of 14?
False
Let f = -40 - -9. Let k = -6 - f. Is k a multiple of 12?
False
Let n = -7 + 5. Let j be ((-4)/(-5))/n*-5. Does 4 divide -1*j + 13/1?
False
Let g = -3 - -1. Let n = g + 3. Is 9 a factor of (-63)/3*(0 - n)?
False
Let v(z) = -4*z**2 + 4*z - 4. Let s(r) = r**2 + r - 1. Let w(g) = -3*s(g) - v(g). Does 8 divide w(8)?
False
Let i be 6/39 + 630/(-39). Let h = i + 32. Is 4 a factor of h?
True
Suppose 0 = -4*d + w + 367, -2*d - 3*d = 2*w - 449. Does 7 divide d?
True
Suppose 0 = -2*x - 6, 4*p - 3*x + 93 = 2*x. Is (10/6)/((-3)/p) a multiple of 6?
False
Let o(i) = 6*i. Is 18 a factor of o(9)?
True
Let v = 65 - 55. Is v a multiple of 10?
True
Let f(o) = -2*o**2 - 3*o - 1. Let k be f(3). Let j = k - -44. Suppose -4*r = -6*r + j. Is r a multiple of 8?
True
Let t(k) = -8*k - 12. Does 15 divide t(-9)?
True
Let b = 63 - 40. Is b a multiple of 23?
True
Suppose 2*j + 2*y = 72, 3*j + 14 - 130 = y. Does 5 divide j*(5/2 - 2)?
False
Let k be 0/1 + (-7)/(-1). Let g = 10 - k. Suppose -h + g*h = 48. Does 14 divide h?
False
Let u be 1/(((-2)/4)/1). Is 13 a factor of u + -4*38/(-4)?
False
Let u = 182 - -12. Does 21 divide u?
False
Let c be -2*((-10)/4)/5. Let z be 3 + 1 + (0 - c). Suppose z*v = -17 + 53. Does 4 divide v?
True
Let s = 23 + 7. Let o = -9 + s. Let d = 69 - o. Is d a multiple of 16?
True
Suppose 0*t - 15 = t. Let k = 20 - t. Let f = -25 + k. Is 10 a factor of f?
True
Let y be 33 + 2/2 + 2. Let h = 86 - y. Is h a multiple of 17?
False
Let v(h) = -h**3 - 13*h**2 - 17*h - 16. Is v(-12) a multiple of 12?
False
Let l = 80 - 46. Let p = 15 - l. Let m = p + 31. Is m a multiple of 6?
True
Let r = 21 - 3. Is 4 a factor of r/(1 - 1/(-2))?
True
Let o = 11 - 8. Let j be (7/o)/(4/24). Is j/21*(-45)/(-2) a multiple of 15?
True
Is 73 + (0 - 1)/(6 - 5) a multiple of 12?
True
Let v(x) = -x - 1. Let w = -4 - -1. Let k be v(w). Suppose -k*d - 22 = -6*d + 2*h, 4*d + h = 7. Is d a multiple of 3?
True
Suppose 2*a - a - 23 = 0. Does 13 divide a?
False
Let d(v) = 4*v**3 - 3*v**2 + 2*v - 2. Let a be d(2). Suppose 0 = -2*f - 4*y + a, f - 12 = -5*y + 2*y. Is 5 a factor of f?
False
Suppose 0*g = -7*g + 259. Does 17 divide g?
False
Suppose 4*q = 3*b - 551, 585 = 5*b + 5*q - 275. Does 42 divide b?
False
Does 4 divide (-1 - -10)*(2 - -1)/1?
False
Suppose 2 = 4*w - 3*g - 295, -4*g = -5*w + 371. Is 25 a factor of w?
True
Let t = -2 + 7. Suppose -t*g + 14 = -16. Let m(d) = 2*d - 1. Is 11 a factor of m(g)?
True
Suppose 0 = -3*f + 117 - 45. Is 6 a factor of f?
True
Let l(q) = -8*q - 2. Suppose -z - 24 = 3*z. Let b be l(z). Suppose 3*j - j = r - b, -3*r = 5*j - 138. Is 17 a factor of r?
False
Let m(w) = -w**2 - 36*w - 28. Does 10 divide m(-14)?
True
Suppose u = 3 - 0. Suppose 5*a + 4*b = 139, 2*a - u*b - 58 = -4*b. Is a a multiple of 31?
True
Let g = -113 - -225. Is (-3)/(-9) + g/6 a multiple of 9?
False
Let l(x) = 2*x**3 + 5*x**2 + x + 6. Is 17 a factor of l(3)?
False
Suppose 5*g = 2*d - 97, 3*d = 8*d - g - 231. Suppose 3*u - 26 = -5*a + d, 3*a - 5*u = 50. Is 15 a factor of a?
True
Suppose -5*s + 171 = 3*m, 6 = 4*s - 2*s. Is m a multiple of 13?
True
Let x = -322 - -482. Is x a multiple of 8?
True
Let s be 32/12 + 2/(-3). Let y = s - 0. Does 2 divide y?
True
Let m = 115 - 21. Does 23 divide m?
False
Let a(d) = d**3 - 2*d**2 - 7*d + 6. Let w = 5 + -3. Suppose -1 = w*y - 9. Does 5 divide a(y)?
True
Is 25 a factor of -123*26/(-18) - 1/(-3)?
False
Does 13 divide (-37)/(-3) + (-2)/(-3)?
True
Suppose -8 = -f - f. Is 4 a factor of f?
True
Suppose 0 = -2*b + 4*b - 4